z) be the second derivative of -15/2*z**2 + 0 + 1/20*z**5 + 203*z - 25/6*z**3 + 5/6*z**4. What is x(-12)?
-3
Let m(x) = -1026*x**2 - 2*x + 351*x**2 + x**3 + 345*x**2 + 338*x**2 + 19. Give m(-8).
35
Let f(c) be the first derivative of -c**4/4 - 5*c**3/3 - 2*c**2 - 3*c + 8891. Suppose -2*s = 3*s + 40. Let h = s - -6. What is f(h)?
-7
Let w(h) = -h**3 + 6*h**2 - 7*h + 6. Let o(p) = 86*p - 254. Let k be o(3). Determine w(k).
10
Let d(f) = -519 - 207 + 296 + 16*f. Determine d(27).
2
Let f(c) = -23*c + 2. Let k be f(2). Let u = 37 + k. Let v(h) = h**3 + 6*h**2 - 5*h + 2. What is v(u)?
-12
Let g(f) = f. Let j(l) = -4*l + 7. Let v(r) = 4*g(r) - j(r). Let n be v(2). Let b(c) = 0*c**2 + 13 - c**2 - n - 5*c - 3. What is b(-6)?
-5
Let s(y) be the first derivative of 141 + 7/3*y**3 + 1/2*y**2 + y - 1/4*y**4. Give s(7).
8
Let r = 2/1119 + 1115/2238. Let i(f) be the first derivative of -r*f**2 + 6 + 6*f. Determine i(5).
1
Let r(w) = -w**3 + 2*w**2 - 6. Let v be (-630)/(-280) + 6/8. Determine r(v).
-15
Let o(u) = 3*u - 23. Suppose 120 = -9*r + 30. What is o(r)?
-53
Let i(c) = -8 + 3 - 1 - 3*c. Suppose 8 = -4*b + 24. Suppose -l - 17 = b*u - 0*l, -l = -3*u - 11. Calculate i(u).
6
Let h(z) = -6*z + 10 + 19*z - 2*z**3 - 13*z**2 - 2*z**3 + 3*z**3 + 2*z**3. Calculate h(12).
22
Let f(a) be the second derivative of -a**4/12 + 14*a**3/3 + 29*a**2/2 + 107*a. Give f(29).
0
Let d(s) = -s**3 - 4*s**2 + 7*s + 6. Let t be 0 + -17 - (-15 + 11) - -8. What is d(t)?
-4
Let q(h) = 2*h + 15. Let g = -3681 + 3666. Give q(g).
-15
Let k(b) = 3*b**3 - 18*b**2 + 4*b - 19. Let l be k(6). Suppose 0 = 2*u, -5*i + 25 = 6*u - u. Let n(x) = 4 - 1 - x**2 + i*x - 5 - x. Calculate n(l).
-7
Suppose -6*x = -36 - 12. Suppose -2*s + 0*n = -n - 29, 0 = 5*s + 3*n - 89. Suppose 0 = -14*a + s*a - x. Let z(b) = -b**2 + 5*b + 2. What is z(a)?
6
Let w be (-31)/31 - (-66 - (0 - -1)). Let n be w/(-14) - -5 - (-19)/7. Suppose 0*d = -d + n. Let z(j) = j**3 - 2*j**2 - j - 1. Give z(d).
5
Suppose -2*s - 2 = -6*s - x, -s + 10 = 5*x. Let l(w) = -5*w**2 + 2*w + s*w - 312 + 613 + w**3 - 308. Give l(5).
3
Let t(q) = 2*q**3 + 7*q**2 + 3*q + 2. Let b(u) = -137*u - 1373. Let k be b(-10). Give t(k).
2
Let b(n) be the third derivative of -n**6/120 - 2*n**5/15 - 13*n**4/24 - 7*n**3/6 + 699*n**2. What is b(-5)?
-17
Let d = 6 - 3. Let q(h) = -4*h - 6 - 3*h**3 + 4 + 0*h**2 + 2*h**3 + 6 + h**2. Determine q(d).
-26
Let a(y) = -y**3 - 7*y**2 + 7*y + 1. Suppose -5*d = -3*p - 29, -14 = 2*p + d - 3*d. Let x be 5 + 16/p + (-656)/(-6). Let g = 101 - x. Calculate a(g).
9
Let n(t) be the third derivative of 19*t**4/12 - 76*t**3/3 + 4204*t**2. Give n(4).
0
Let z(u) = 10*u**3 + u**2. Let q be z(1). Let a(r) = 4569 - 2775 - 13*r + r**2 - 1779. Give a(q).
-7
Let b = 0 + 2. Let m be (15/6 - 1)*(-4)/(-3). Let u(d) = -2*d**2 + 1 + b*d**2 - 4*d - d**m + 1. Determine u(-5).
-3
Let n(a) = -a**3 + 4*a**2 + 12*a + 7. Suppose -6 = -22*p + 20*p + 3*s, 3*p - 8 = 5*s. Calculate n(p).
7
Let t(z) = 6*z**3 - z**2 + z + 3. Suppose 2*f + p - 9 = -3*f, -12 = -5*f + 2*p. Let s be t(f). Let g = 40 - s. Let r(v) = v**2 + 9*v + 1. What is r(g)?
1
Let n(u) = -2*u - 28. Suppose -5*t - 5*w + 286 = -4, 3*t + w = 164. Suppose -3*c = -14 + t. What is n(c)?
-2
Suppose -4630*l + 4632*l + 5*w = 35, w = 5*l - 20. Let x(s) = 0 - 3 + 5*s - 2. Determine x(l).
20
Let v(b) = 934*b + 9322. Let s be v(-10). Let d(x) = -2*x**2 - 36*x + 1. Give d(s).
1
Let z(c) = -3*c + 1. Let s(k) = 5*k**2 + 12*k + 10. Let m(o) = -2*o**2 - 2*o. Let l(a) = 2*m(a) + s(a). Let y = -4 + -2. Let b be l(y). Determine z(b).
7
Let h(j) = -4*j**2 - 6*j - 11. Suppose 0 = 5*n + 304 - 299. Let u(y) = -y**2 - y - 2. Let z(l) = n*h(l) + 3*u(l). Determine z(-6).
23
Let x be (-4)/14 - (-15)/(-21). Let k(o) be the third derivative of o**6/60 - 16*o**3 + 100*o**2. Let l(a) be the first derivative of k(a). Determine l(x).
6
Suppose a = 4 + 66. Let i(x) = 37*x + 36*x - 10 - 5 - a*x. Give i(11).
18
Let u(n) = n**3 - 9*n + 12. Let s be u(2). Let z(h) = -h**s - 1055*h - 1049*h + 2095*h - 6. Give z(-7).
8
Let k(g) = -g**2 + 7*g + 19. Suppose -7127*o = -7236*o + 763. What is k(o)?
19
Let l be 144/(-72) - (4 + 0 - 6). Let w(z) = -4*z**2 - 2 + 3*z**2 + 0. Calculate w(l).
-2
Let r(l) = -l**3 - 7*l**2 + 7*l + 5. Let z(x) = -9*x - 89. Let i be (14/18 + 30/135)*-9. Let u be z(i). Give r(u).
13
Let u(i) be the third derivative of i**4/3 - 47*i**3/6 + i**2 + 63*i. Let v be u(7). Let y(z) = z**3 - 9*z**2 + 1. Give y(v).
1
Let f = 4023 - 4046. Let x(y) = y**3 + 24*y**2 + 21*y - 35. What is x(f)?
11
Let s(j) = -j**2 - 8*j + 15. Let a(g) be the third derivative of -g**5/60 - 3*g**4/8 - g**3/6 - 46*g**2. Let d be a(-10). Give s(d).
-18
Suppose -2*s = 4*s - 30. Suppose -s = n - 7. Suppose -3*h - n = -11. Let u(i) = -i**3 + 3*i**2 - i - 2. Determine u(h).
-5
Let x(g) be the first derivative of -7*g**2/2 - 78*g + 193. Give x(-12).
6
Let x(i) = -i - 37. Let b be x(10). Let f = b + 62. Suppose -f + 5 = -2*d. Let n(z) = -z - 1. What is n(d)?
-6
Let g(n) = -2*n**2 - 12*n - 5. Let d(l) = 2*l**2 + 12*l + 5. Suppose -a = -15 + 10. Let j(u) = a*g(u) + 4*d(u). What is j(-5)?
5
Suppose 5*s - u - 40 = 0, 4*u = 5*s - 26 - 14. Suppose -h - 2 = -s. Let a(x) = 894 + 225*x - 909 - 222*x. Give a(h).
3
Let u be ((0 - 24)/6)/(-2). Let a(v) = -5*v**2 - 290 + 587 - 3*v - 295. What is a(u)?
-24
Let l(k) = 9 - k - k - 37*k**2 + 18*k**2 + k**3 + 7*k**2 - 4. Calculate l(12).
-19
Suppose 0*d - 24 = -8*d. Let q(v) = 7*v - 3. Let u(w) = -73 + 3*w + 64 + 17*w + 0*w. Let m(r) = d*u(r) - 8*q(r). Determine m(2).
5
Let q(k) = -711. Let c(f) = -f - 5869. Let j(d) = -4*c(d) + 33*q(d). Let y(m) = -m**2 - 5*m - 6. Let z be y(-5). What is j(z)?
-11
Let p(u) = -75*u**2 + u**3 + 51 - 50*u - 82*u**2 + 181*u**2. What is p(-26)?
-1
Let z(d) = -d**2 - 2*d - 64. Let l(k) = 7*k**2 - 138*k + 95. Let b be l(19). Give z(b).
-64
Suppose 7*g - 17 = 4. Let c(f) = -1 - 160*f + 156*f - g + 1. Calculate c(-2).
5
Let k(s) = -3*s + 4. Let x = -37 + 63. Let f be (-2)/11 - x/(-22). Suppose 3*d - 16 = -f. What is k(d)?
-11
Let g(v) be the third derivative of -v**4/3 - 15*v**3/2 - 1571*v**2. Calculate g(-4).
-13
Let r = -420484 - -420493. Let n(o) be the first derivative of 3*o**2/2 - 8*o + 1. Determine n(r).
19
Suppose -3*r = -0*r - 2*h + 7 - 22, 7*h - 9*h = 0. Let l(t) be the third derivative of -t**4/24 - 4*t**3/3 - t**2. Give l(r).
-13
Let w(t) = 24245*t + 240 - 48576*t + 24213*t. Determine w(2).
4
Suppose y + 8*w = 3*w + 114, -5*w + 84 = 6*y. Let a be 2/6 - (-5)/3. Let k(i) = i**3 + 4*i**a - 3 + 2*i**2 + 1. Determine k(y).
-2
Suppose -3*h + 6 = 0, 6*v - 4*h + 16 = 4*v. Let g = 56 - v. Let u = g + -67. Let f(q) = 2*q + 4. Determine f(u).
-10
Let j(v) = 5 - 3 - v + 9. Let o(u) = u**3 + 4*u**2 - u - 7. Let q be o(-3). Suppose -5*d = -d + 2*f - 38, -37 = -q*d + f. Calculate j(d).
3
Let h(x) = -x**3 + 8*x**2 + 5*x + 10. Let l(b) = 9*b + 522. Let m be l(-57). Calculate h(m).
-26
Suppose -5*y + 5*z = -40, -8*z + 36 = 4*y - 10*z. Let f(r) be the second derivative of r**5/20 - 11*r**4/12 + 4*r**3/3 + 21*r**2/2 - 53*r. What is f(y)?
1
Let b(d) be the third derivative of -5*d**4/24 - d**3 - 1834*d**2 - 1. What is b(-4)?
14
Let g(a) = 37*a + 5. Let r be g(0). Let z(l) = -l**3 + 3*l**2 + 14*l - 11. Calculate z(r).
9
Suppose 3*s = 0, -84 = -4*t + 2*s - 7*s. Let z be -3 - (3*1 - 21/t). Let v(q) = 6*q**2 - 2*q**3 + 5*q + 9 + 3*q**3 - 2. Give v(z).
7
Suppose -42*g + 45*g = 2538. Let n(o) = -425 + g - 8*o - 420. Calculate n(-2).
17
Suppose 51*x - 115*x + 98 = -50*x. Let q(l) = -l + 1. Let j(p) = 5*p - 9. Let h(o) = j(o) + 4*q(o). Give h(x).
2
Suppose -5*d = -5*k, 12 = -3*d - 2*k - 13. Let b(n) = 13*n**2 - 6. Let t(w) = -14*w**2 + 8. Let o(a) = d*b(a) - 4*t(a). Give o(1).
-11
Let m = -117 - -82. Let p be (5/(-5))/((-5)/m). Let k(v) be the second derivative of -v**5/20 - 2*v**4/3 - 5*v**3/6 + v**2 + 4*v. Determine k(p).
-12
Let s(f) = 7*f - 2. Let t(v) = v. Let o(a) = 35*a - 9. Let m(k) = -o(k) - 2*t(k). Let n(d) = 2*m(d) + 11*s(d). What is n(-3)?
-13
Let a(y) = -y + 3. Let f(s) = 71*s + 9. Let d be f(-2). Let h = d + 137. Calculate a(h).
-1
Let w(g) = -10*g**3 + 2*g**2 + 3*g - 11. Let y(q) = -9*q**3 + 2*q**2 + 5*q - 15. Let l(r) = -4*w(r) + 3*y(r). Give l(1).
13
Let k(a) be the third derivative of -a**